{"id":49,"date":"2020-01-27T15:28:27","date_gmt":"2020-01-27T14:28:27","guid":{"rendered":"http:\/\/bi-boehl.iggelheim.org\/?page_id=49"},"modified":"2020-03-22T11:21:18","modified_gmt":"2020-03-22T10:21:18","slug":"wer-sind-wir","status":"publish","type":"page","link":"https:\/\/boehl-iggelheim.org\/?page_id=49","title":{"rendered":"Wer sind wir"},"content":{"rendered":"\n<h2 class=\"wp-block-heading\">BI4BI-  <strong>B<\/strong>\u00fcrger <strong>I<\/strong>nitiative f\u00fcr <strong>B<\/strong>\u00f6hl- <strong>I<\/strong>ggelheim <\/h2>\n\n\n\n<p>Wir sind eine Ende 2019\ngegr\u00fcndete B\u00fcrger- Initiative die sich f\u00fcr klimafreundliche Mobilt\u00e4t in unserer\nGemeinde B\u00f6hl- Iggelheim einsetzt. <\/p>\n\n\n\n<p>Wir m\u00f6chten an der Entwicklung\nmoderner Mobilit\u00e4tskonzepte f\u00fcr B\u00f6hl- Iggelheim mitwirken, welche auch die\nErhaltung von Natur und Umwelt mit ber\u00fccksichtigen.<\/p>\n\n\n\n<p>Wir haben Bedenken gegen den Bau der geplanten Umgehungsstra\u00dfe L532, da diese Ma\u00dfnahme der angestrebten Verkehrs- und Klimawende nur unzureichend Rechnung tr\u00e4gt.<\/p>\n\n\n\n<p>Die Umgehungsstrasse stellt keine L\u00f6sung f\u00fcr das r\u00fcckl\u00e4ufige Verkehrsaufkommen und den starken Innerorts- Verkehr dar.<\/p>\n\n\n\n<p>Wir m\u00f6chten verkehrsberuhigende\nund verkehrsumleitende Ma\u00dfnahmen f\u00f6rdern, welche schnell, kosteng\u00fcnstig sowie\numweltvertr\u00e4glich umzusetzen sind<\/p>\n\n\n\n<p>Diese Website soll interessierte B\u00fcrgerInnen \u00fcber diese Planung informieren, da wir uns leider seitens der Gemeinde und Beh\u00f6rden unzureichend informiert f\u00fchlen.<\/p>\n","protected":false},"excerpt":{"rendered":"<p>BI4BI- B\u00fcrger Initiative f\u00fcr B\u00f6hl- Iggelheim Wir sind eine Ende 2019 gegr\u00fcndete B\u00fcrger- Initiative die sich f\u00fcr klimafreundliche Mobilt\u00e4t in unserer Gemeinde B\u00f6hl- Iggelheim einsetzt. Wir m\u00f6chten an der Entwicklung moderner Mobilit\u00e4tskonzepte f\u00fcr B\u00f6hl- Iggelheim mitwirken, welche auch die Erhaltung von Natur und Umwelt mit ber\u00fccksichtigen. Wir haben Bedenken gegen den Bau der geplanten Umgehungsstra\u00dfe &hellip; <\/p>\n<p class=\"link-more\"><a href=\"https:\/\/boehl-iggelheim.org\/?page_id=49\" class=\"more-link\"><span class=\"screen-reader-text\">\u201eWer sind wir\u201c<\/span> weiterlesen<\/a><\/p>\n","protected":false},"author":1,"featured_media":0,"parent":0,"menu_order":0,"comment_status":"closed","ping_status":"closed","template":"","meta":{"footnotes":""},"_links":{"self":[{"href":"https:\/\/boehl-iggelheim.org\/index.php?rest_route=\/wp\/v2\/pages\/49"}],"collection":[{"href":"https:\/\/boehl-iggelheim.org\/index.php?rest_route=\/wp\/v2\/pages"}],"about":[{"href":"https:\/\/boehl-iggelheim.org\/index.php?rest_route=\/wp\/v2\/types\/page"}],"author":[{"embeddable":true,"href":"https:\/\/boehl-iggelheim.org\/index.php?rest_route=\/wp\/v2\/users\/1"}],"replies":[{"embeddable":true,"href":"https:\/\/boehl-iggelheim.org\/index.php?rest_route=%2Fwp%2Fv2%2Fcomments&post=49"}],"version-history":[{"count":8,"href":"https:\/\/boehl-iggelheim.org\/index.php?rest_route=\/wp\/v2\/pages\/49\/revisions"}],"predecessor-version":[{"id":187,"href":"https:\/\/boehl-iggelheim.org\/index.php?rest_route=\/wp\/v2\/pages\/49\/revisions\/187"}],"wp:attachment":[{"href":"https:\/\/boehl-iggelheim.org\/index.php?rest_route=%2Fwp%2Fv2%2Fmedia&parent=49"}],"curies":[{"name":"wp","href":"https:\/\/api.w.org\/{rel}","templated":true}]}}

<h2 class="wp-block-heading">BI4BI-  <strong>B</strong>ürger <strong>I</strong>nitiative für <strong>B</strong>öhl- <strong>I</strong>ggelheim </h2>



<p>Wir sind eine Ende 2019
gegründete Bürger- Initiative die sich für klimafreundliche Mobiltät in unserer
Gemeinde Böhl- Iggelheim einsetzt. </p>



<p>Wir möchten an der Entwicklung
moderner Mobilitätskonzepte für Böhl- Iggelheim mitwirken, welche auch die
Erhaltung von Natur und Umwelt mit berücksichtigen.</p>



<p>Wir haben Bedenken gegen den Bau der geplanten Umgehungsstraße L532, da diese Maßnahme der angestrebten Verkehrs- und Klimawende nur unzureichend Rechnung trägt.</p>



<p>Die Umgehungsstrasse stellt keine Lösung für das rückläufige Verkehrsaufkommen und den starken Innerorts- Verkehr dar.</p>



<p>Wir möchten verkehrsberuhigende
und verkehrsumleitende Maßnahmen fördern, welche schnell, kostengünstig sowie
umweltverträglich umzusetzen sind</p>



<p>Diese Website soll interessierte BürgerInnen über diese Planung informieren, da wir uns leider seitens der Gemeinde und Behörden unzureichend informiert fühlen.</p>

<p>BI4BI- Bürger Initiative für Böhl- Iggelheim Wir sind eine Ende 2019 gegründete Bürger- Initiative die sich für klimafreundliche Mobiltät in unserer Gemeinde Böhl- Iggelheim einsetzt. Wir möchten an der Entwicklung moderner Mobilitätskonzepte für Böhl- Iggelheim mitwirken, welche auch die Erhaltung von Natur und Umwelt mit berücksichtigen. Wir haben Bedenken gegen den Bau der geplanten Umgehungsstraße &hellip; </p>
<p class="link-more"><a href="https://boehl-iggelheim.org/?page_id=49" class="more-link"><span class="screen-reader-text">„Wer sind wir“</span> weiterlesen</a></p>
